
2, 3, 11
List the prime factors of 69967.
31, 37, 61
What are the prime factors of 17?
17
What are the prime factors of 2112?
2, 3, 11
List the prime factors of 52756.
2, 11, 109
List the prime factors of 401.
401
What are the prime factors of 1317?
3, 439
What are the prime factors of 1266?
2, 3, 211
List the prime factors of 834.
2, 3, 139
List the prime factors of 39635.
5, 7927
What are the prime factors of 3807?
3, 47
What are the prime factors of 8339?
31, 269
What are the prime factors of 55580?
2, 5, 7, 397
List the prime factors of 4269.
3, 1423
What are the prime factors of 328?
2, 41
List the prime factors of 25734.
2, 3, 4289
What are the prime factors of 126705?
3, 5, 8447
What are the prime factors of 748?
2, 11, 17
List the prime factors of 34926.
2, 3, 5821
What are the prime factors of 139148?
2, 43, 809
List the prime factors of 3779.
3779
What are the prime factors of 1993?
1993
List the prime factors of 2094.
2, 3, 349
List the prime factors of 9686.
2, 29, 167
List the prime factors of 18394.
2, 17, 541
List the prime factors of 26159.
7, 37, 101
What are the prime factors of 13898?
2, 6949
List the prime factors of 30762.
2, 3, 1709
What are the prime factors of 1344?
2, 3, 7
What are the prime factors of 9021?
3, 31, 97
List the prime factors of 11343.
3, 19, 199
What are the prime factors of 5678?
2, 17, 167
List the prime factors of 16588.
2, 11, 13, 29
What are the prime factors of 28294?
2, 7, 43, 47
What are the prime factors of 19290?
2, 3, 5, 643
List the prime factors of 3743.
19, 197
List the prime factors of 48787.
48787
What are the prime factors of 1212?
2, 3, 101
List the prime factors of 2781.
3, 103
List the prime factors of 22959.
3, 2551
What are the prime factors of 56207?
56207
List the prime factors of 588.
2, 3, 7
What are the prime factors of 497?
7, 71
List the prime factors of 5609.
71, 79
What are the prime factors of 12671?
12671
What are the prime factors of 840?
2, 3, 5, 7
List the prime factors of 1020.
2, 3, 5, 17
What are the prime factors of 1053?
3, 13
What are the prime factors of 40218?
2, 3, 6703
List the prime factors of 34896.
2, 3, 727
What are the prime factors of 3331?
3331
List the prime factors of 15368.
2, 17, 113
What are the prime factors of 7575?
3, 5, 101
List the prime factors of 23126.
2, 31, 373
What are the prime factors of 63963?
3, 23, 103
What are the prime factors of 16223?
16223
What are the prime factors of 57790?
2, 5, 5779
What are the prime factors of 9329?
19, 491
List the prime factors of 155832.
2, 3, 43, 151
List the prime factors of 33006.
2, 3, 5501
List the prime factors of 8982.
2, 3, 499
List the prime factors of 2583.
3, 7, 41
What are the prime factors of 494?
2, 13, 19
What are the prime factors of 2001?
3, 23, 29
What are the prime factors of 8457?
3, 2819
What are the prime factors of 912?
2, 3, 19
List the prime factors of 10498.
2, 29, 181
What are the prime factors of 10349?
79, 131
What are the prime factors of 11134?
2, 19, 293
List the prime factors of 4956.
2, 3, 7, 59
What are the prime factors of 22879?
137, 167
What are the prime factors of 7369?
7369
What are the prime factors of 41758?
2, 20879
List the prime factors of 177834.
2, 3, 107, 277
List the prime factors of 2575.
5, 103
What are the prime factors of 553?
7, 79
What are the prime factors of 8349?
3, 11, 23
List the prime factors of 630.
2, 3, 5, 7
List the prime factors of 5979.
3, 1993
What are the prime factors of 246?
2, 3, 41
List the prime factors of 30592.
2, 239
What are the prime factors of 22461?
3, 7487
List the prime factors of 30565.
5, 6113
What are the prime factors of 1008?
2, 3, 7
List the prime factors of 69025.
5, 11, 251
List the prime factors of 25855.
5, 5171
List the prime factors of 38524.
2, 9631
List the prime factors of 722.
2, 19
List the prime factors of 2417.
2417
What are the prime factors of 967?
967
List the prime factors of 140942.
2, 19, 3709
List the prime factors of 7374.
2, 3, 1229
What are the prime factors of 717?
3, 239
List the prime factors of 4073.
4073
What are the prime factors of 22775?
5, 911
List the prime factors of 14375.
5, 23
List the prime factors of 6206.
2, 29, 107
What are the prime factors of 667?
23, 29
List the prime factors of 96.
2, 3
What are the prime factors of 1311?
3, 19, 23
List the prime factors of 56142.
2, 3, 3119
What are the prime factors of 869?
11, 79
What are the prime factors of 2343?
3, 11, 71
What are the prime factors of 80?
2, 5
List the prime factors of 27755.
5, 7, 13, 61
What are the prime factors of 3121?
3121
List the prime factors of 4490.
2, 5, 449
What are the prime factors of 132522?
2, 3, 13, 1699
List the prime factors of 91.
7, 13
What are the prime factors of 3711?
3, 1237
List the prime factors of 14133.
3, 7, 673
List the prime factors of 1441.
11, 131
What are the prime factors of 52126?
2, 67, 389
List the prime factors of 20839.
7, 13, 229
What are the prime factors of 10050?
2, 3, 5, 67
What are the prime factors of 267?
3, 89
What are the prime factors of 10322?
2, 13, 397
List the prime factors of 117701.
117701
What are the prime factors of 31388?
2, 7, 19, 59
List the prime factors of 200.
2, 5
What are the prime factors of 54279?
3, 37, 163
What are the prime factors of 20755?
5, 7, 593
What are the prime factors of 2159?
17, 127
List the prime factors of 45823.
45823
List the prime factors of 2810.
2, 5, 281
What are the prime factors of 14835?
3, 5, 23, 43
What are the prime factors of 113103?
3, 59, 71
What are the prime factors of 1155?
3, 5, 7, 11
List the prime factors of 1673.
7, 239
What are the prime factors of 20191?
61, 331
List the prime factors of 1052.
2, 263
What are the prime factors of 750?
2, 3, 5
What are the prime factors of 5266?
2, 2633
What are the prime factors of 62250?
2, 3, 5, 83
List the prime factors of 20417.
17, 1201
List the prime factors of 2474.
2, 1237
List the prime factors of 511.
7, 73
List the prime factors of 48046.
2, 24023
What are the prime factors of 66433?
31, 2143
What are the prime factors of 17104?
2, 1069
List the prime factors of 7156.
2, 1789
List the prime factors of 49816.
2, 13, 479
What are the prime factors of 4103?
11, 373
What are the prime factors of 9832?
2, 1229
What are the prime factors of 21330?
2, 3, 5, 79
What are the prime factors of 1094?
2, 547
List the prime factors of 7572.
2, 3, 631
What are the prime factors of 2454?
2, 3, 409
What are the prime factors of 34246?
2, 17123
List the prime factors of 26025.
3, 5, 347
List the prime factors of 568.
2, 71
List the prime factors of 10957.
10957
What are the prime factors of 8888?
2, 11, 101
List the prime factors of 84043.
229, 367
What are the prime factors of 45534?
2, 3, 7589
What are the prime factors of 360?
2, 3, 5
List the prime factors of 27833.
13, 2141
What are the prime factors of 957?
3, 11, 29
List the prime factors of 14582.
2, 23, 317
What are the prime factors of 1122?
2, 3, 11, 17
What are the prime factors of 24642?
2, 3, 37
List the prime factors of 16930.
2, 5, 1693
List the prime factors of 8466.
2, 3, 17, 83
What are the prime factors of 24487?
47, 521
What are the prime factors of 982?
2, 491
List the prime factors of 23646.
2, 3, 7, 563
What are the prime factors of 1881?
3, 11, 19
List the prime factors of 40735.
5, 8147
List the prime factors of 417.
3, 139
List the prime factors of 542.
2, 271
List the prime factors of 105421.
47, 2243
What are the prime factors of 2220?
2, 3, 5, 37
List the prime factors of 2162.
2, 23, 47
What are the prime factors of 643?
643
What are the prime factors of 178?
2, 89
List the prime factors of 6639.
3, 2213
List the prime factors of 1858.
2, 929
What are the prime factors of 5743?
5743
List the prime factors of 3875.
5, 31
List the prime factors of 107134.
2, 17, 23, 137
List the prime factors of 4356.
2, 3, 11
List the prime factors of 41394.
2, 3, 6899
What are the prime factors of 19726?
2, 7, 1409
What are the prime factors of 2148?
2, 3, 179
List the prime factors of 743.
743
List the prime factors of 1450.
2, 5, 29
List the prime factors of 69766.
2, 34883
What are the prime factors of 35460?
2, 3, 5, 197
What are the prime factors of 14429?
47, 307
List the prime factors of 6108.
2, 3